{"id":404,"date":"2019-07-31T14:51:11","date_gmt":"2019-07-31T14:51:11","guid":{"rendered":"http:\/\/hidalgoesavinoseguros.com.br\/site\/?page_id=404"},"modified":"2019-07-31T15:49:14","modified_gmt":"2019-07-31T15:49:14","slug":"house-renovation-2","status":"publish","type":"page","link":"https:\/\/hidalgoesavinoseguros.com.br\/site\/service-2\/house-renovation-2\/","title":{"rendered":"Empresarial"},"content":{"rendered":"<div  data-size='featured_large'  data-lightbox_size='large'  data-animation='fade'  data-conditional_play=''  data-ids='330'  data-video_counter='0'  data-autoplay='true'  data-bg_slider='false'  data-slide_height=''  data-handle='av_slideshow'  data-interval='5'  data-class=' avia-builder-el-0  el_before_av_one_full  avia-builder-el-first   '  data-css_id=''  data-scroll_down=''  data-control_layout='av-control-hidden'  data-custom_markup=''  data-perma_caption=''  data-autoplay_stopper=''  data-image_attachment=''  data-min_height='0px'  data-default-height='42'  class='avia-slideshow avia-slideshow-1  av-control-hidden av-default-height-applied avia-slideshow-featured_large av_slideshow  avia-builder-el-0  el_before_av_one_full  avia-builder-el-first    avia-fade-slider '  itemprop=\"image\" itemscope=\"itemscope\" itemtype=\"https:\/\/schema.org\/ImageObject\" ><ul class='avia-slideshow-inner ' style='padding-bottom: 42%;' ><li  class=' av-single-slide slide-1 ' ><div data-rel='slideshow-1' class='avia-slide-wrap '   ><img src='https:\/\/hidalgoesavinoseguros.com.br\/site\/wp-content\/uploads\/2015\/10\/Plano_de_Saude_empresarial-1500x630.jpg' width='1500' height='630' title='Plano_de_Saude_empresarial' alt=''  itemprop=\"thumbnailUrl\"   \/><\/div><\/li><\/ul><\/div>\n<div class=\"flex_column av_one_full  av-animated-generic bottom-to-top  flex_column_div av-zero-column-padding first  avia-builder-el-1  el_after_av_slideshow  el_before_av_one_half  \" style='margin-top:0px; margin-bottom:0px; border-radius:0px; '><p><div style='padding-bottom:0px; ' class='av-special-heading av-special-heading-h2  blockquote modern-quote  avia-builder-el-2  el_before_av_hr  avia-builder-el-first   '><h2 class='av-special-heading-tag '  itemprop=\"headline\"  >Plano de Sa\u00fade para Empresas<\/h2><div class='special-heading-border'><div class='special-heading-inner-border' ><\/div><\/div><\/div><br \/>\n<div style=' margin-top:10px; margin-bottom:10px;'  class='hr hr-custom hr-left hr-icon-no   avia-builder-el-3  el_after_av_heading  avia-builder-el-last '><span class='hr-inner   inner-border-av-border-fat' style=' width:50px; border-color:#efbb20;' ><span class='hr-inner-style'><\/span><\/span><\/div><\/p><\/div><div class=\"flex_column av_one_half  av-animated-generic bottom-to-top  flex_column_div av-zero-column-padding first  avia-builder-el-4  el_after_av_one_full  el_before_av_one_half  column-top-margin\" style='margin-top:0px; margin-bottom:0px; border-radius:0px; '><section class=\"av_textblock_section \"  itemscope=\"itemscope\" itemtype=\"https:\/\/schema.org\/CreativeWork\" ><div class='avia_textblock  '   itemprop=\"text\" ><p align=\"justify\">Para quem n\u00e3o conhece, o Plano de Sa\u00fade para\u00a0<a href=\"https:\/\/web.archive.org\/web\/20161202184710\/https:\/planodesaude.net.br\/blog\/go\/para-empresas\">Empresas<\/a>\u00a0\u00e9 direcionado \u00e0s organiza\u00e7\u00f5es empresariais, tanto grandes, quanto microempresas. As empresas adquirem o servi\u00e7o e o disponibiliza aos seus funcion\u00e1rios, afinal funcion\u00e1rio que usufrui desse benef\u00edcio fica muito mais motivado.<\/p>\n<\/div><\/section><\/div><div class=\"flex_column av_one_half  av-animated-generic bottom-to-top  flex_column_div av-zero-column-padding   avia-builder-el-6  el_after_av_one_half  el_before_av_one_full  column-top-margin\" style='margin-top:0px; margin-bottom:0px; border-radius:0px; '><section class=\"av_textblock_section \"  itemscope=\"itemscope\" itemtype=\"https:\/\/schema.org\/CreativeWork\" ><div class='avia_textblock  '   itemprop=\"text\" ><p align=\"justify\">Diferente dos planos de sa\u00fade para pessoas f\u00edsicas, o Plano de Sa\u00fade Empresa s\u00f3 pode ser adquirido por pessoas jur\u00eddicas e nunca s\u00e3o vendidos de forma individual, ou seja, \u00e9 preciso ter um n\u00famero m\u00ednimo de funcion\u00e1rios que far\u00e3o a ades\u00e3o.<\/p>\n<\/div><\/section><\/div><div class=\"flex_column av_one_full  av-animated-generic bottom-to-top  flex_column_div av-zero-column-padding first  avia-builder-el-8  el_after_av_one_half  el_before_av_one_full  column-top-margin\" style='border-radius:0px; '><p><div style='padding-bottom:0px; ' class='av-special-heading av-special-heading-h2  blockquote modern-quote  avia-builder-el-9  el_before_av_hr  avia-builder-el-first   '><h2 class='av-special-heading-tag '  itemprop=\"headline\"  >O QU\u00c9 O PLANO DE SA\u00daDE EMPRESARIAL ?<\/h2><div class='special-heading-border'><div class='special-heading-inner-border' ><\/div><\/div><\/div><br \/>\n<div style=' margin-top:10px; margin-bottom:10px;'  class='hr hr-custom hr-left hr-icon-no   avia-builder-el-10  el_after_av_heading  el_before_av_textblock '><span class='hr-inner   inner-border-av-border-fat' style=' width:50px; border-color:#efbb20;' ><span class='hr-inner-style'><\/span><\/span><\/div><br \/>\n<section class=\"av_textblock_section \"  itemscope=\"itemscope\" itemtype=\"https:\/\/schema.org\/CreativeWork\" ><div class='avia_textblock  '   itemprop=\"text\" ><p>O\u00a0<strong>Plano de Sa\u00fade para Empresas<\/strong>\u00a0\u00e9 feito especialmente para as organiza\u00e7\u00f5es empresariais que possuem CNPJ, tanto grandes, quanto\u00a0<strong>microempre<\/strong><strong>sa<\/strong><strong>s<\/strong>\u00a0que realizam o seguinte processo:<\/p>\n<ul>\n<li>As empresas fazem uma pesquisa com os funcion\u00e1rios para saber do que precisam em rela\u00e7\u00e3o a um conv\u00eanio m\u00e9dico;<\/li>\n<li>A empresa adquire o servi\u00e7o, o contratando\u00a0<strong>atrav\u00e9s de um <\/strong><strong>corretor<\/strong>;<\/li>\n<li>Ap\u00f3s contratado, a empresa disponibiliza aos seus funcion\u00e1rios com todos os direitos dispostos no contrato.<\/li>\n<\/ul>\n<\/div><\/section><\/p><\/div><div class=\"flex_column av_one_full  av-animated-generic bottom-to-top  flex_column_div av-zero-column-padding first  avia-builder-el-12  el_after_av_one_full  el_before_av_one_full  column-top-margin\" style='border-radius:0px; '><p><div style='padding-bottom:0px; ' class='av-special-heading av-special-heading-h2  blockquote modern-quote  avia-builder-el-13  el_before_av_hr  avia-builder-el-first   '><h2 class='av-special-heading-tag '  itemprop=\"headline\"  >COMO FUNCIONA PARA A EMPRESA ?<\/h2><div class='special-heading-border'><div class='special-heading-inner-border' ><\/div><\/div><\/div><br \/>\n<div style=' margin-top:10px; margin-bottom:10px;'  class='hr hr-custom hr-left hr-icon-no   avia-builder-el-14  el_after_av_heading  el_before_av_textblock '><span class='hr-inner   inner-border-av-border-fat' style=' width:50px; border-color:#efbb20;' ><span class='hr-inner-style'><\/span><\/span><\/div><br \/>\n<section class=\"av_textblock_section \"  itemscope=\"itemscope\" itemtype=\"https:\/\/schema.org\/CreativeWork\" ><div class='avia_textblock  '   itemprop=\"text\" ><p align=\"justify\">Para saber como funciona o\u00a0<strong>Plano de Sa\u00fade para Empresas<\/strong>, veja abaixo:<\/p>\n<ul>\n<li>O\u00a0<strong>Plano de Sa\u00fade para Empresas<\/strong>\u00a0\u00e9 disponibilizado especialmente para empresas e essas podem variar de tamanho e de n\u00famero de funcion\u00e1rios;<\/li>\n<li>As operadoras de sa\u00fade costumam ter uma grande op\u00e7\u00e3o para esse segmento. Hoje, por boa parte das empresas possu\u00edrem esse servi\u00e7o, j\u00e1 existem operadoras que fornecem o\u00a0<strong>Plano de Sa\u00fade para Empresas<\/strong>\u00a0como o \u00fanico comercializado, n\u00e3o permitindo a aquisi\u00e7\u00e3o por pessoas f\u00edsicas;<\/li>\n<li>Para ter direito ao\u00a0<strong>Plano de Sa\u00fade para Empresas,<\/strong>\u00a0\u00e9 preciso primeiro ter CNPJ, ter a partir de 2 ou 3 funcion\u00e1rios, sem existir limite m\u00e1ximo, normalmente;<\/li>\n<li>O contrato \u00e9 feito com uma pessoa jur\u00eddica com a operadora do plano de sa\u00fade ou outra empresa autorizada a comercializar o plano de sa\u00fade empresa;<\/li>\n<li>O\u00a0<strong>Plano de Sa\u00fade Corporativo<\/strong>\u00a0\u00e9 dividido por categorias de acordo com quantas vidas e tipos de plano. Para entender melhor, uma empresa com 3 vidas n\u00e3o ter\u00e1 o mesmo tipo de benef\u00edcio que uma empresa com 500 vidas tem, tanto em rela\u00e7\u00e3o ao valor, quanto a respeito da car\u00eancia;<\/li>\n<li>Empresas com uma grande quantidade de vidas costumam ter consultores dedicados a elas enquanto as menores contam com um consultor que atende a v\u00e1rias empresas. Isso porque empresas grandes podem ter planos \u00fanicos e exclusivos para elas;<\/li>\n<li>Para aderir ao plano \u00e9 preciso que um respons\u00e1vel da empresa, seja o pr\u00f3prio dono ou o RH, entre em contato com a operadora de plano de sa\u00fade que mais interessar. A partir da\u00ed, se iniciar\u00e3o as negocia\u00e7\u00f5es para determinar o que ser\u00e1 disponibilizado aos funcion\u00e1rios;<\/li>\n<li>O fato de a empresa disponibilizar o\u00a0<strong>Plano de Sa\u00fade para Empresas<\/strong>\u00a0n\u00e3o significa que o obrigatoriamente todos os funcion\u00e1rios o ter\u00e3o, isso vai depender muito da conven\u00e7\u00e3o coletiva e da op\u00e7\u00e3o do colaborador.<\/li>\n<\/ul>\n<\/div><\/section><\/p><\/div><div class=\"flex_column av_one_full  av-animated-generic bottom-to-top  flex_column_div av-zero-column-padding first  avia-builder-el-16  el_after_av_one_full  avia-builder-el-last  column-top-margin\" style='border-radius:0px; '><p><div style='padding-bottom:0px; ' class='av-special-heading av-special-heading-h2  blockquote modern-quote  avia-builder-el-17  el_before_av_hr  avia-builder-el-first   '><h2 class='av-special-heading-tag '  itemprop=\"headline\"  >COMO FUNCIONA PARA O FUNCION\u00c1RIO ?<\/h2><div class='special-heading-border'><div class='special-heading-inner-border' ><\/div><\/div><\/div><br \/>\n<div style=' margin-top:10px; margin-bottom:10px;'  class='hr hr-custom hr-left hr-icon-no   avia-builder-el-18  el_after_av_heading  el_before_av_textblock '><span class='hr-inner   inner-border-av-border-fat' style=' width:50px; border-color:#efbb20;' ><span class='hr-inner-style'><\/span><\/span><\/div><br \/>\n<section class=\"av_textblock_section \"  itemscope=\"itemscope\" itemtype=\"https:\/\/schema.org\/CreativeWork\" ><div class='avia_textblock  '   itemprop=\"text\" ><p align=\"justify\">Para saber como funciona o\u00a0<strong>Plano de Sa\u00fade para o Funcion\u00e1rio<\/strong>, veja abaixo:<\/p>\n<ul>\n<li>Para o funcion\u00e1rio poder obter um Plano de Sa\u00fade Empresa, a primeira coisa \u00e9 prestar servi\u00e7o para aquela organiza\u00e7\u00e3o. Existem algumas pr\u00e1ticas comuns, por\u00e9m elas n\u00e3o s\u00e3o regras e cada empresa pode trabalhar de uma forma diferenciada;<\/li>\n<li>Logo quando o funcion\u00e1rio entra na empresa ele pode ou n\u00e3o optar pelo\u00a0<strong>Plano de Sa\u00fade para Empresas<\/strong>\u00a0(existem algumas empresas em que obrigatoriamente o funcion\u00e1rio ter\u00e1 o plano de sa\u00fade por acordo coletivo). Se optar pelo plano de sa\u00fade, n\u00e3o quer dizer que ele o ter\u00e1 imediatamente, \u00e9 muito comum que s\u00f3 seja liberado ao funcion\u00e1rio, ap\u00f3s o per\u00edodo de experi\u00eancia de 90 dias;<\/li>\n<li>Muitas vezes, o funcion\u00e1rio pode optar entre alguns planos que variam de uma cobertura mais b\u00e1sica at\u00e9 uma mais completa, por\u00e9m cada uma delas costuma ter custos diferentes. Feita a op\u00e7\u00e3o, o funcion\u00e1rio deve preencher um formul\u00e1rio que servir\u00e1 de ades\u00e3o ao plano.<\/li>\n<li>A inclus\u00e3o de dependentes pode variar muito de uma empresa para outra, mas, permitido o ingresso do dependente, este n\u00e3o ter\u00e1 o mesmo valor do titular;<\/li>\n<li>Uma dica importante \u00e9 fazer a ades\u00e3o do\u00a0<strong>Plano de Sa\u00fade Corporativo\u00a0<\/strong>ao entrar na empresa. Isso porque, nesse momento, \u00e9 comum que haja a isen\u00e7\u00e3o de car\u00eancia (tempo de espera para utilizar determinado procedimento do plano de sa\u00fade), inclusive car\u00eancia para parto. Caso se opte pelo plano, com certo tempo de trabalho, as car\u00eancias podem ser definidas pela operadora com um prazo bem maior para utiliza\u00e7\u00e3o;<\/li>\n<li>Quando existe cobran\u00e7a de valor para o funcion\u00e1rio, o valor ser\u00e1 discriminado no holerite e, se houver taxa de coparticipa\u00e7\u00e3o tamb\u00e9m. Por\u00e9m esses valores devem respeitar a um percentual m\u00e1ximo em rela\u00e7\u00e3o aos valores recebidos;<\/li>\n<li>Para utilizar o\u00a0<strong>Plano de Sa\u00fade para Empresas<\/strong>, o funcion\u00e1rio deve estar portando a carteirinha, que \u00e9 entregue pela pr\u00f3pria empresa. Todo agendamento de consulta e exames deve ser feito direto com a operadora do Plano de Sa\u00fade Empresa. Estes podem ser agendados em toda a rede credenciada e tem cobertura obrigat\u00f3ria pelo plano de sa\u00fade;<\/li>\n<li>Em caso de demiss\u00e3o, o plano de sa\u00fade n\u00e3o pode ser suprimido durante aviso pr\u00e9vio indenizado.<\/li>\n<\/ul>\n<\/div><\/section><\/p><\/div><\/p>\n","protected":false},"excerpt":{"rendered":"","protected":false},"author":1,"featured_media":0,"parent":348,"menu_order":0,"comment_status":"closed","ping_status":"closed","template":"","meta":[],"_links":{"self":[{"href":"https:\/\/hidalgoesavinoseguros.com.br\/site\/wp-json\/wp\/v2\/pages\/404"}],"collection":[{"href":"https:\/\/hidalgoesavinoseguros.com.br\/site\/wp-json\/wp\/v2\/pages"}],"about":[{"href":"https:\/\/hidalgoesavinoseguros.com.br\/site\/wp-json\/wp\/v2\/types\/page"}],"author":[{"embeddable":true,"href":"https:\/\/hidalgoesavinoseguros.com.br\/site\/wp-json\/wp\/v2\/users\/1"}],"replies":[{"embeddable":true,"href":"https:\/\/hidalgoesavinoseguros.com.br\/site\/wp-json\/wp\/v2\/comments?post=404"}],"version-history":[{"count":15,"href":"https:\/\/hidalgoesavinoseguros.com.br\/site\/wp-json\/wp\/v2\/pages\/404\/revisions"}],"predecessor-version":[{"id":439,"href":"https:\/\/hidalgoesavinoseguros.com.br\/site\/wp-json\/wp\/v2\/pages\/404\/revisions\/439"}],"up":[{"embeddable":true,"href":"https:\/\/hidalgoesavinoseguros.com.br\/site\/wp-json\/wp\/v2\/pages\/348"}],"wp:attachment":[{"href":"https:\/\/hidalgoesavinoseguros.com.br\/site\/wp-json\/wp\/v2\/media?parent=404"}],"curies":[{"name":"wp","href":"https:\/\/api.w.org\/{rel}","templated":true}]}}